7*k**2. Suppose 0 = -4*h - 3*a + 4, 4*a = -6*h + h + 5. What is m(h)?
17
Let k = 19 - 15. Let b(n) = -n**3 + 3*n**2 + 2*n + 1. Determine b(k).
-7
Let a(t) = 4*t + 1138*t**2 - 1137*t**2 + 5 - 1. Calculate a(-3).
1
Let o = -12 + 7. Let j = -5 + 4. Let r = o - j. Let s(m) = -m**3 - 5*m**2 - 6*m - 2. Determine s(r).
6
Suppose -5*l + i + 24 = 3*i, 8 = l + 2*i. Suppose 0 = l*j + 3 + 1. Let s(b) = -10*b**2 + 2*b + 1. Calculate s(j).
-11
Suppose -3*a - 75 = 5*n, 4*n + 81 = -5*a + 21. Let f(v) = v + 13. Determine f(n).
-2
Let t(a) = a**3 + a**2 - 1. Suppose m = -2*m + 4*m. Calculate t(m).
-1
Let y(c) = -c - 1 - c**2 + 0*c**2 - 1. Let p(x) = 2*x + 7. Let z be p(-5). Give y(z).
-8
Let p(m) = -6*m - 1. Let f(j) = 2*j. Let t(y) = -5*f(y) - 2*p(y). Suppose -l - 2*l = 6. Let c be ((-26)/65)/(l/(-20)). Determine t(c).
-6
Let d(j) = 4*j + 3*j**3 - 4*j**2 + 0*j**2 + 0*j**2. Let w(g) = 7*g**3 - 8*g**2 + 9*g. Let p(s) = -5*d(s) + 2*w(s). Let f(u) = u + 5. Let r be f(-3). Give p(r).
4
Let l(u) = -1 - 15*u + 14*u + 2*u**2 + 3*u**2 - u**3. Determine l(4).
11
Let v(q) be the third derivative of -q**6/120 + 7*q**5/60 - q**4/24 - q**3 + 6*q**2. What is v(7)?
-13
Let t(n) = -10*n + 12. Let z(o) = -9*o + 10. Let j(d) = 5*t(d) - 6*z(d). Calculate j(4).
16
Suppose 7*p - 2*p = -30. Let h be p + 3 + 4/1. Let f(i) = 14*i. What is f(h)?
14
Suppose -i + 48 = 3*t, 3*t - t - 45 = -5*i. Let z be 5/t*(-1 - -4). Let x(r) = 3 - 4*r + 2*r - 4. What is x(z)?
-3
Let f = 3 + -1. Let s(g) be the first derivative of -g - 3 - 3*g**f + 4*g**2 - g. Calculate s(2).
2
Suppose 0 = -q + 4*r + 18, 0 = -5*q + r - 0*r - 5. Let u be -2 + (1/1 - -5). Let v(f) = -4*f**2 - 2 - u*f + 3*f**2 + f. Calculate v(q).
0
Let a(n) = -n**2 - 5*n**2 - 2 + 9*n**2. Let c(w) = w**2 - 7*w - 11. Let s be c(9). Suppose 0 = h + 4*l + 22, -s - 11 = 4*h + 2*l. Calculate a(h).
10
Let z be ((-1)/(-3)*-3)/(-1). Let q(t) = 9*t**3 + t**2 - t + 1. Calculate q(z).
10
Let a(o) = o**2. Let h = -29 + 30. Let l(j) = j + 1. Let q(m) = h*l(m) - 3*a(m). Give q(-1).
-3
Let o(u) = 4*u**2 + 6*u - 3. Let a(f) = -f**2 + 4 - 4*f + 2*f - 3. Suppose 4*n - 5*b + 36 = 0, 14 = -3*n + 4*b - 12. Let q(w) = n*a(w) - 4*o(w). Calculate q(2).
-2
Suppose s - 11 = -5*w, 4*s = -5*w - s - 5. Let q(m) = 129*m**w - 4 - 1 - 5*m**2 + 5*m - 128*m**3. Give q(4).
-1
Let y(x) = 13*x**3 + 3*x**2 - 8*x. Let n(q) = -4*q**3 - q**2 + 3*q. Let d(i) = -8*n(i) - 3*y(i). Determine d(1).
-8
Let j(t) be the third derivative of -t**2 + 0 - 1/2*t**3 - 1/24*t**4 + 0*t. Suppose -v - 51 = -56. Give j(v).
-8
Let h(t) = t**3 + 3*t**2. Let q be 6/(-4)*(-28)/21. Let a = q - 5. What is h(a)?
0
Suppose z = -3*o - 14, 4*o + o = -5*z - 20. Let y(f) = 0*f + 1 + 0*f + 2*f**2. What is y(z)?
3
Let j(u) be the first derivative of -2*u**3/3 - 3*u**2/2 + 3*u + 9. Let k(s) = -3*s**2 - 4*s + 5. Let w(c) = -8*j(c) + 5*k(c). What is w(-3)?
-2
Let h(z) = -3*z**3 - z**2. Suppose -2*s + 21 = 3. Let o be ((-6)/s)/(4/6). What is h(o)?
2
Let r be 6/((-3)/(6/(-4))). Let b(h) = -6*h**2 + h**r - 4 + 0 + 3. Calculate b(6).
-1
Suppose -4*j + 20 = -4*n, 3*j - 19 = 4*n + n. Let u(i) = 4*i**2 + i**2 - 4*i**2 + 2*i - j. What is u(-3)?
0
Let k(u) = 6*u**2 - 8 - 3 - u**3 + 3 + 1. Give k(6).
-7
Suppose -2*y = -7*y - 10. Let i(p) = -2*p + 3. Let o(m) = -m + 1. Let x(w) = i(w) - 4*o(w). Give x(y).
-5
Let o = 46 + -54. Let i(d) = 2*d + 11. Calculate i(o).
-5
Let j(m) = -m**3 + 2*m**2 + 2*m - 2. Let v(a) = -a**2 + 7*a + 2. Let x be v(7). What is j(x)?
2
Let d(x) = 0*x**2 + 1 - 4*x**2 + 5*x**2 - 5*x. Let p = 5 + -2. Suppose 2 + p = o. Calculate d(o).
1
Let t(d) = -1 - 2*d**2 - d**3 + 2 - 1. Suppose 13 = p + 3*m - 1, p + 4*m - 19 = 0. Let v be (-1)/(((-2)/p)/2). Calculate t(v).
-1
Let a(p) = -p**2 + 4*p + 3. Suppose -3*c - c - 28 = -4*j, 31 = 4*j - 5*c. Calculate a(j).
3
Suppose -5*u + 3*i = -18, -8 - 6 = -u - 2*i. Suppose h + 0 = -u. Let c(r) = -r**2 - 6*r + 1. Give c(h).
1
Let m(w) be the third derivative of w**7/2520 + w**6/360 - w**5/30 + 2*w**2. Let j(v) be the third derivative of m(v). Determine j(-2).
-2
Let s = -12 + 16. Let h(l) = s*l + 3*l - 3*l + 9 - 3*l. What is h(-4)?
5
Let p(c) be the second derivative of -7*c + 0 - 1/12*c**4 - 7/6*c**3 - 7/2*c**2. What is p(-6)?
-1
Let m(u) = 10*u**2. Suppose 0 = 2*r + o + 2, -2*r = -5*r + 2*o + 11. Determine m(r).
10
Suppose 84 = 2*w + 2*f + 24, -110 = -5*w + 3*f. Let p(s) = 15*s**2 + 11*s**2 + s - w*s**2 + 3 - 5. What is p(-3)?
4
Let f(q) = -7*q - 1. Suppose -3*d + 2*d - 4*c = -4, -16 = -4*d + 4*c. Suppose -p + 5*p = d. Let t(r) = -r. Let o be t(p). Calculate f(o).
6
Let i(x) = -x**2 - 2*x + 5. Suppose 0 + 3 = -3*s. Let g be ((-1)/s)/((-1)/5). Calculate i(g).
-10
Let r(x) = x**3 + 2*x**2 - 1. Let w be r(-3). Let y be 10*(-1)/w*4. Let p(l) = -3 + 3 - 3*l + y*l + 3. What is p(-5)?
-2
Let s(d) = -2*d - 3*d - 3*d**2 + 6*d. Let z be s(-1). Let i(w) = w + 1. What is i(z)?
-3
Let n(x) = x**2 - 1. Let j(u) = -u**3 + 7*u**2 + 1. Let w(s) = j(s) - 6*n(s). Calculate w(0).
7
Let i be 4/(((-1)/(-1))/1). Let n be (6/(3 + -2))/2. Let o(q) = -2*q + 0*q + 0*q + n*q. Determine o(i).
4
Let h be -4*((-9)/(-6) + 0). Let c(t) = 1 + 2*t**2 + t**2 - 4*t**2 - 6*t - 5. What is c(h)?
-4
Let h(g) be the first derivative of g**4/4 - g**3 + 3*g**2/2 - 5. Let w(q) be the third derivative of q**4/24 - q**3/3 - q**2. Let m be w(4). Determine h(m).
2
Let f(y) = -11 + 26 + 5*y - 3*y**2 + 4*y**2 - 9. Give f(-6).
12
Let d(v) = v**3 - 5*v**2 - 8*v + 9. Let h be d(6). Let p(y) = y**3 + 3*y**2 + y + 1. Calculate p(h).
-2
Let v(p) = p**3 - 3*p**2 - p - 1. Suppose -n = 3*n - 24. Let o(q) be the second derivative of q**3/6 - 3*q**2/2 + q. Let y be o(n). Determine v(y).
-4
Let q(v) = -v + 3. Let p be q(3). Suppose p*l - 5 = -5*l. Let n(y) = -8*y**2. Calculate n(l).
-8
Let f(r) = -6*r**2 - 25*r - 26. Let d(v) = v**2 + 5*v + 5. Let m(y) = -11*d(y) - 2*f(y). Let z be (-1 - 0)/(2/(-8)). Determine m(z).
-7
Let q(z) = 0*z**2 - 3*z**2 - 2*z + z + 1 + z**3. Suppose -5*r - 2*w + 17 = 0, 2*r = w + w + 4. What is q(r)?
-2
Let k(d) = -d**2 + 7*d - 4. Let p = 13 + -8. Let r be k(p). Let l(f) = -7*f - 5. Let t(g) = 6*g + 4. Let z(h) = r*t(h) + 5*l(h). Give z(-5).
-6
Let n(f) = -f**2 + 6*f + 8. Let k be n(7). Let g = k + 1. Let v(q) = -q**2 - 3*q**2 - 4*q**2 + 7*q**g - 5*q + 1. Determine v(-5).
1
Let u(d) = d**2 - 6. Let b(v) = -2*v**2 + 15*v - 32. Let j be b(3). Give u(j).
19
Let q(s) = -4*s + 6. Suppose -12*y + 20 = -8*y. Calculate q(y).
-14
Let g(m) = -m**3 + 7*m**2 - m + 5. Let h(l) = 2*l**3 - 15*l**2 + l - 11. Let o(u) = 5*g(u) + 2*h(u). Calculate o(3).
12
Suppose 3*x - 3 = 3. Suppose x*u - 8 = -2*u. Let n(t) = -4*t + 1. What is n(u)?
-7
Let j be (-210)/(-63)*(-12)/10. Let w(b) = -b**3 - 4*b**2 + 5. Give w(j).
5
Suppose 3*j - 2 = 1. Let k(v) = -5*v**2 - 3*v + v**2 + 7*v - j - v**3. Suppose 12*m - 35 = 19*m. Determine k(m).
4
Let h(o) be the third derivative of o**7/2520 - 2*o**5/15 + 2*o**2. Let r(b) be the third derivative of h(b). Determine r(-3).
-6
Let l(m) = m**2 - 4*m + 2. Let t be l(4). Let r(p) = 3*p + 10 + 8*p - 12*p + p**t. Determine r(0).
10
Suppose 0*q = -q - 3, -2*b - 5 = 3*q. Suppose 0 = b*r - 4*o, 5*r = 2*r - 4*o + 30. Let m(y) = 6 - 3*y + 2*y + y**3 - 6*y**2 + 2. Give m(r).
2
Suppose -6*n + 32 = -14*n. Let u(r) be the first derivative of r**4/24 - r**3/2 - r**2 - 2. Let p(w) be the second derivative of u(w). What is p(n)?
-7
Let o be (-6)/(-12) + 15/10 + 2. Let c(b) = 0*b + 2*b**2 - 2*b + 1 - 4*b. Determine c(o).
9
Let h(w) = w**3 - 6*w**2 + w + 7. Let g(k) = k**3 - 6*k**2 + 7. Let z(m) = -5*g(m) + 4*h(m). Give z(6).
17
Let w be (-5)/(15/(-6)) + -5. Let b(k) = -k**3 + 3*k - 3. Calculate b(w).
15
Let j be (10/(-8) + 0)*-8. Let z be 1*-2*15/j. Let h(d) = -d**2 - 4*d - 4. Give h(z).
-1
Let q(k) be the second derivative of -1/2*k**3 - 5/2*k**2 - k + 0. Let b(x) = 3*x + 4. Let p(t) = -5*b(t) - 4*q(t). What is p(-2)?
6
Suppose 4*u = -2*u + 5*u. Let i(s) be the first derivative of -1/3*s**3 + 2 + 1/2*s**2 - 1/4*s**4 + u*s. Calculate i(-2).
2
Let l(n) = 0*n + 17*n**2 + 7*n - 7*n. Give l(1).
17
Suppose t = c + 24, t + 6*c - 54 = c. Suppose 2*r + 9*y - 4*y - t = 0, 25 = 2*r + y. Let n be (-6)/(-4)*(-8)/r. Let l(f) = -3*f**2 - 2*f - 1. Give l(n).
-2
Let p(o) = 5*o - 1. Let n(w) = -w**2 - 6*w - 1. Let l = 9 - -1. Supp